2142?
10
Calculate the remainder when 33029 is divided by 84.
17
Calculate the remainder when 9103 is divided by 365.
343
Calculate the remainder when 1827 is divided by 1145.
682
Calculate the remainder when 13774 is divided by 530.
524
What is the remainder when 2956 is divided by 61?
28
Calculate the remainder when 338229 is divided by 23.
14
Calculate the remainder when 212232 is divided by 6.
0
What is the remainder when 329 is divided by 23?
7
What is the remainder when 2555 is divided by 638?
3
What is the remainder when 1777 is divided by 22?
17
What is the remainder when 396628 is divided by 270?
268
What is the remainder when 14814 is divided by 1479?
24
Calculate the remainder when 1255 is divided by 25.
5
Calculate the remainder when 18690 is divided by 34.
24
Calculate the remainder when 408 is divided by 201.
6
Calculate the remainder when 4238 is divided by 49.
24
What is the remainder when 9222 is divided by 33?
15
What is the remainder when 105900 is divided by 9627?
3
Calculate the remainder when 2294 is divided by 57.
14
What is the remainder when 895 is divided by 866?
29
Calculate the remainder when 3070 is divided by 42.
4
What is the remainder when 303477 is divided by 5?
2
Calculate the remainder when 55152 is divided by 736.
688
What is the remainder when 6233 is divided by 14?
3
Calculate the remainder when 8690 is divided by 2147.
102
What is the remainder when 11179 is divided by 137?
82
What is the remainder when 1204882 is divided by 18?
16
What is the remainder when 48723 is divided by 93?
84
Calculate the remainder when 190387 is divided by 79.
76
Calculate the remainder when 15096 is divided by 2129.
193
What is the remainder when 2783 is divided by 858?
209
Calculate the remainder when 414148 is divided by 34512.
4
What is the remainder when 61590 is divided by 1299?
537
What is the remainder when 91115 is divided by 7?
3
What is the remainder when 490 is divided by 334?
156
What is the remainder when 5790 is divided by 5768?
22
What is the remainder when 331653 is divided by 110551?
0
Calculate the remainder when 9042 is divided by 37.
14
What is the remainder when 301146 is divided by 16?
10
Calculate the remainder when 19665 is divided by 249.
243
What is the remainder when 46302 is divided by 21?
18
What is the remainder when 4487 is divided by 667?
485
Calculate the remainder when 78127 is divided by 832.
751
Calculate the remainder when 13708 is divided by 13688.
20
Calculate the remainder when 172470 is divided by 573.
570
Calculate the remainder when 251236 is divided by 83741.
13
Calculate the remainder when 8042 is divided by 99.
23
Calculate the remainder when 462295 is divided by 690.
685
Calculate the remainder when 3393567 is divided by 178.
175
What is the remainder when 217054 is divided by 304?
302
Calculate the remainder when 13029 is divided by 177.
108
What is the remainder when 17653 is divided by 67?
32
What is the remainder when 958 is divided by 674?
284
What is the remainder when 84744 is divided by 159?
156
What is the remainder when 5639 is divided by 26?
23
What is the remainder when 210014 is divided by 32?
30
What is the remainder when 2777 is divided by 27?
23
What is the remainder when 84021 is divided by 54?
51
What is the remainder when 19486 is divided by 77?
5
Calculate the remainder when 23421 is divided by 2602.
3
Calculate the remainder when 2527 is divided by 938.
651
What is the remainder when 16251 is divided by 387?
384
What is the remainder when 1543 is divided by 82?
67
What is the remainder when 19959 is divided by 3323?
21
What is the remainder when 608396 is divided by 360?
356
What is the remainder when 928599 is divided by 185715?
24
Calculate the remainder when 17889 is divided by 42.
39
What is the remainder when 82415 is divided by 60?
35
Calculate the remainder when 5317152 is divided by 683.
680
Calculate the remainder when 464719 is divided by 337.
333
What is the remainder when 1534 is divided by 89?
21
Calculate the remainder when 22027 is divided by 21828.
199
What is the remainder when 8065 is divided by 2?
1
What is the remainder when 24287 is divided by 48?
47
Calculate the remainder when 485310 is divided by 3762.
12
Calculate the remainder when 214770 is divided by 71590.
0
What is the remainder when 78852 is divided by 11264?
4
Calculate the remainder when 9245 is divided by 1812.
185
What is the remainder when 657347 is divided by 219108?
23
What is the remainder when 220 is divided by 202?
18
Calculate the remainder when 7558 is divided by 81.
25
What is the remainder when 30485 is divided by 1691?
47
What is the remainder when 284251 is divided by 1310?
1291
Calculate the remainder when 14660 is divided by 543.
542
What is the remainder when 94709 is divided by 35?
34
Calculate the remainder when 850855 is divided by 1712.
1703
Calculate the remainder when 5773 is divided by 243.
184
Calculate the remainder when 5243 is divided by 1735.
38
What is the remainder when 265921 is divided by 285?
16
Calculate the remainder when 187114 is divided by 9.
4
Calculate the remainder when 57237 is divided by 363.
246
What is the remainder when 3459 is divided by 229?
24
Calculate the remainder when 974338 is divided by 36.
34
Calculate the remainder when 2600 is divided by 297.
224
What is the remainder when 60095 is divided by 645?
110
What is the remainder when 5726 is divided by 5707?
19
What is the remainder when 7864 is divided by 3932?
0
Calculate the remainder when 8833 is divided by 978.
31
Calculate the remainder when 13580 is divided by 1312.
460
What is the remainder when 409310 is divided by 63?
62
Calculate the remainder when 1380498 is divided by 471.
468
What is the remainder when 26626 is divided by 31?
28
Calculate the remainder when 2245 is divided by 1996.
249
What is the remainder when 37473 is divided by 347?
344
What is the remainder when 5644 is divided by 1853?
85
Calculate the remainder when 8370 is divided by 16.
2
Calculate the remainder when 405379 is divided by 1016.
1011
Calculate the remainder when 15922 is divided by 892.
758
Calculate the remainder when 92988 is divided by 30991.
15
What is the remainder when 205387 is divided by 1975?
1962
Calculate the remainder when 16452 is divided by 5448.
108
What is the remainder when 1034 is divided by 494?
46
Calculate the remainder when 3908 is divided by 1937.
34
Calculate the remainder when 1360 is divided by 22.
18
What is the remainder when 30242 is divided by 7386?
698
What is the remainder when 21126 is divided by 294?
252
Calculate the remainder when 10981 is divided by 1558.
75
Calculate the remainder when 436137 is divided by 30.
27
Calculate the remainder when 7732 is divided by 76.
56
Calculate the remainder when 12394 is divided by 2413.
329
What is the remainder when 10924 is divided by 2727?
16
Calculate the remainder when 7665 is divided by 478.
17
What is the remainder when 1935 is divided by 319?
21
What is the remainder when 347168 is divided by 49592?
24
What is the remainder when 344588 is divided by 113?
51
Calculate the remainder when 870 is divided by 33.
12
What is the remainder when 640670 is divided by 6?
2
Calculate the remainder when 67041 is divided by 1862.
9
What is the remainder when 151798 is divided by 151773?
25
What is the remainder when 37805 is divided by 90?
5
What is the remainder when 928067 is divided by 10?
7
Calculate the remainder when 8490 is divided by 8.
2
What is the remainder when 40599 is divided by 116?
115
Calculate the remainder when 214773 is divided by 17.
12
Calculate the remainder when 25588 is divided by 1337.
185
What is the remainder when 397584 is divided by 39?
18
Calculate the remainder when 42032 is divided by 13999.
35
Calculate the remainder when 190958 is divided by 385.
383
What is the remainder when 553354 is divided by 684?
682
Calculate the remainder when 93195 is divided by 1277.
1251
Calculate the remainder when 139591 is divided by 27912.
31
Calculate the remainder when 483484 is divided by 161147.
43
Calculate the remainder when 61687 is divided by 10279.
13
Calculate the remainder when 2421 is divided by 483.
6
Calculate the remainder when 3012 is divided by 333.
15
Calculate the remainder when 1129